 is the value of -4 + -18 + 41 + 2 - 64?
-43
What is (6 - (-6 + 0) - 21) + 16?
7
Evaluate (1 - 87) + 46 - -12.
-28
57 - 2 - (25 - (-39 + 50))
41
What is the value of 120 + 104 - 249 - (1 - (-1 - 1 - 1))?
-29
Evaluate 9 + -19 + (-16 - -42) + -70.
-54
-126 + -130 + 404 + -49
99
What is 60 + -53 + 12 + 12?
31
Evaluate (-18 - (-35 + 7)) + (-9 - 1 - (5 - 7)).
2
Evaluate 1 + -1 - -69 - (-118 - (281 - 404)).
64
Calculate 38 + -9 + (-6 + 6 - 7 - 7).
15
What is the value of 49 + -15 - 21 - (-42 + -3 + 0)?
58
Evaluate 77 - (-86 - (69 - 134)).
98
What is the value of -25 - (-1 - 13 - (80 - 4))?
65
Evaluate (53 - (3 - (2 + -1))) + (-233 - (-443 - -205)).
56
18 + 2 + (453 - 431) + -27
15
Evaluate 40 - (49 - (36 + -7)).
20
What is (-6 + -2 - -6) + (-38 + 51 - (2 + 5))?
4
What is 15 - (-4 + 33 + (-20 - -5)) - 2?
-1
89 + (-127 + 126 + (-1 - 11) + 3 - 3)
76
Evaluate -19 + 23 + (12 - (58 + 1) - 5).
-48
What is the value of (-4 - (3 - 3)) + (6 - -41) - 6?
37
Calculate 1 + 18 + -39 - -18 - -9.
7
What is 34 + -75 + 50 + 37?
46
Calculate (8 - -20) + -222 + 120.
-74
Evaluate (-10 - -29) + -7 + -1 + -2 + -1.
8
Calculate 483 + -484 - (10 + 0).
-11
What is the value of 18 - (9 + -27 + 15 + 6)?
15
Calculate 21 + 0 + (-2880 - -2815).
-44
Evaluate 3 + (1 - -4 - (-416 - -379)).
45
What is the value of -64 + 1 - ((99 - 76) + -37)?
-49
What is the value of -13 + (-12 - (11 - (21 + -6)))?
-21
What is the value of (15 - (77 + -1)) + 27?
-34
4 + -8 - (200 + -176)
-28
What is 74 - (38 - (29 - -6) - (2 - (3 + 7)))?
63
Calculate 16 - (-10 + 3 - (-32 + 87 - 74)).
4
14 + -3 + -3 - 6 - -4 - (-5 + 17)
-6
Evaluate -109 + -122 + 27 + 180.
-24
What is the value of -8 + -9 + -1 + 109 + (41 - 48)?
84
What is (14 - (32 + (9 - 22) - 8) - 17) + 119?
105
Calculate -3 - (-82 + 142) - (-4 + 10).
-69
Calculate (-325 - -273) + 53 + 0.
1
What is -13 + 24 + (-1 + -12 - (11 + -3)) - 56?
-66
Calculate (15 - (-2 - -14)) + (-1 + -8 - (-27 - 91)).
112
What is the value of 76 + (29 - 146) + -89?
-130
Evaluate 14 + -4 + 10 + (-7 - (2 + 67)) + -7.
-63
(-9 - (-37 - 12 - 0)) + -1 + 9
48
-26 + 51 - 28 - (3 - -9 - 0)
-15
Evaluate (-90 - 0) + (-53 - -100).
-43
What is -2 - (-15 + (11 - 19) + 1)?
20
What is 14 + (27 - (9 + 2 + 102 + -112))?
40
Calculate 3 - (11 + -2 - -2 - (-84 - -77)).
-15
Evaluate -18 - (84 + (-157 - -62)).
-7
78 + (-11 - (32 - (13 + 15)))
63
Calculate (-9 - -1) + 36 + (-91 - -53) + (-76 - 0).
-86
(-38 - ((-22 - (7 + -4)) + 6)) + -95
-114
Evaluate 9 + 10 + (14 - (0 + 23)) - -34.
44
Evaluate 44 - ((-14 - -33) + 34).
-9
6 - (-20 - 2 - (22 + -42))
8
Calculate -2 + (-2 - -11) + (5 - -3 - 3) + -17.
-5
What is the value of (-30 - -9 - -48 - -1) + 26?
54
What is (-1 - (1 + -30) - (-1176 + 1182)) + -7?
15
What is -239 - -329 - (1 + (6 - 5 - (-1 - 1)))?
86
Calculate 7 + 3 - (47 + -11 + -3).
-23
Evaluate -7 + 7 + -11 + (10 - (12 - 13) - -46).
46
What is the value of 70 + (3 - (14 - 4 - 4)) - 0 - 7?
60
What is -137 - (-37 + (5 + -20 - -33))?
-118
Calculate 14 + (-12 - (2 + (-2 - 7) + 942 + -946)).
13
What is the value of 6 - (20 - 44 - -15) - (27 - 101)?
89
What is the value of (-3 - ((-1 - -3) + (-9 - -2))) + -14?
-12
What is the value of -5 + 5 + (54 - -23 - (0 - (-14 + 6)))?
69
What is -170 + (112 - 54) - -36?
-76
Calculate (-18 - -18) + 31 - (5 - -23).
3
Evaluate 112 - (120 - (-86 - -173)).
79
What is the value of -231 + -12 + 284 + (12 - 1)?
52
Calculate 33 + -21 + -21 + -41 + -22.
-72
2 + -48 - (34 + -89 - -38 - (2 + -17))
-44
What is the value of (127 - 57) + (-3 + 0 - (23 + -27))?
71
-21 + 30 + -21 + -11 - -9
-14
What is 79 + (-42 - 50) + (0 - -10)?
-3
Calculate (-31 - -15) + 45 + 26.
55
-2 + 11 + -2 - (-53 + -9 + 57)
12
Evaluate 3 - -2 - -7 - (-1430 - -1388).
54
What is 2 - (2 - (30 + -8 - -7))?
29
Evaluate -3 + (-7 + 10 - 10) + 0 - -20.
10
-14 - (12 + -33 + (13 - 26))
20
What is -7 + (-3 - (-10 + 6)) - -54 - (45 - 37)?
40
What is the value of 31 - (-16 - (14 - 38) - (1 - -15 - -2))?
41
What is the value of -19 + -2 + -16 + (18 - 0) - 15?
-34
129 + -32 + 0 - 37
60
What is the value of 23 - (-37 + 20 + 9 + 3 + 10)?
18
Evaluate (9 - -9 - (-12 + 60)) + 0 + 2 + 4.
-24
What is 19 + -11 + -1 + (-13 - -10) + 6?
10
What is the value of -6 - -11 - (-12 - (-10 - 28 - 1))?
-22
What is the value of -17 - (57 + -78) - 25?
-21
-86 + (28 - -15) - -67
24
Evaluate -10 + 36 + -46 - (8 + 15).
-43
What is -170 + (50 - 52) + 122?
-50
Calculate 0 + -8 - 11 - -11 - (1 - 43).
34
What is the value of 9 + 6 - (49 + -54 - (-10 + 2))?
12
Evaluate (-45 + 20 - -58) + (9 - -2).
44
-147 - (-866 + 835 - (-2 + 13))
-105
Calculate 72 + -50 + -38 + -45.
-61
Calculate -4 - 62 - (21 + (1 - 28)) - -10.
-50
Calculate 14 + (-102 - -51 - -31).
-6
Calculate -47 - -46 - (-3 - -32).
-30
124 + 119 + -220 - (-33 - -1)
55
What is the value of 2 + (3 - -2) + 4 - ((-102 - -64) + 81)?
-32
What is -46 - (113 + -127 + 27)?
-59
-18 + -44 + 67 + -5
0
What is -76 + 29 - (26 - -18)?
-91
Calculate 34 - (0 + -19 - -14).
39
Evaluate (-4908 - -4899) + (-1 - (7 + -1)) - -123.
107
What is 110 + 15 + -89 + -53?
-17
What is the value of 13 + -5 - 86 - (9 + 5 - 24)?
-68
174 + -62 + -13 + -2 + 18 + -4
111
What is the value of (-11 - -2) + (0 - (-19 + -5) - (20 - 16))?
11
35 - (-37 - ((-37 - -15) + -68))
-18
22 + (-12 - -1 - 2) + (-2 - -2)
9
Calculate 8 - ((-1 - -1) + 5 + (18 - (37 - 35))).
-13
Evaluate -12 + -85 + -9 + 3 + -7 + -2 + -5.
-117
What is -49 - -37 - 24 - 4?
-40
Calculate -122 + 154 - ((24 - 2) + 3).
7
Calculate -16 + -1 + (26 - (115 + -106)).
0
Evaluate 8 + 71 - 40 - 35.
4
11 + 7 + (-103 - ((9 - 3) + -4 - 7))
-80
Calculate (48 - (15 - 0)) + 33 + -31.
35
What is -13 + (-10 - ((-30 - -13) + -1)) + -3?
-8
-71 + 2 + (0 - 1) + -4 + (5 - 12)
-81
What is 7 + -1 - (88 - (3 - (-16 + 2) - -5))?
-60
Calculate -42 - (7 - 179 - 0 - -31).
99
Evaluate (5 - (6 - 5)) + (131 - 58 - 181).
-104
What is -7 + (7 - -1) + -1 - 2 - (-17 - 85)?
100
What is the value of -6 - (-2 + 12 + -4) - (-32 - -39) - 10?
-29
Evaluate -6 + -16 + 2 - (17 + -30).
-7
Evaluate -387 + 414 - (-11 + (10 - 24)).
52
Evaluate -13 + 5 + -54 + 43.
-19
Calculate -12 + (110 - 103) + 23 + -1.
17
What is (-86 - (8 - 95) - ((7 - 1) + -1)) + 77?
73
Evaluate -23 + (-16 - -84) + (2 - 4).
43
-40 + (31 - 18) - 11 - 3
-41
(1 - (12 - 41)) + -7 - (-10 + 24)
9
Evaluate (-1 - -1) + -11 + -31 + 15.
-27
What is the value of -31 + ((13 - 41) + 14 - -16)?
-29
What is the value of (-17 - (11 + (-26 - -12) + -3)) + 73?
62
(2 - 3 - 12 - ((-13 - -52) + -130)) + -1
77
Calculate 25 - ((4 + -3 - -32) + -18) - -110.
120
Evaluate 2 + 0 + 9 + -5 + 41 + -107 + -4.
-64
Calculate -84 + -10 + (-29 + 61 - 23).
-85
Evaluate -4335 + 4518 + (-90 - 0).
93
(-14 - -6) + 6 + -12 + 3 + 6 - -116
111
What is (16 - 10) + -5 + 19 + (0 - -83)?
103
What is the value of (-92 - (57 - 140)) + (47 - (3 - 4))?
39
What is 33 + -9 + (88 + -88 - (-5 - -1))?
28
Calculate (-28 - -122 - 0) + (5 - -1 - 6).
94
Evaluate -38 + (-15 - (6 + -34)).
-25
Evaluate (36 + -1 - ((-40 - -28) + 0)) + (-3 - -4).
48
-5 - (-10 + -29 + -1 + 13 + 15)
7
Evaluate 20 + -51 + 13 + 12 + 37.
31
What is the value of 17 - (0 - 8 - (-24 - (22 - 43)))?
22
Evaluate 38 + -27 + -1 + -2 - -11.
19
Calculate -17 + (-2 + 93 + -247 + 252 - 20).
59
Evaluate 4 + -39 + (-71 - 71) + 179.
2
Calculate 17 + 13 + -48 - 7.
-25
What is the value of 3 + -8 + (-3 - -19) + 38 - (1 - 4)?
52
What is 5 - (-7 + 33) - (-13 - -20 - 0)?
-28
What is the value of -35 - ((-5 - -9) + 5 - ((-2 - -27) + -23))?
-42
What is the value of 41 + (-66 - 36 - -98 - (9 + -1 + 0))?
29
What is 1 + -21 + 6 + 1 + (-1498 - -1502)?
-9
What is the value of 95 - 67 - (-24 - (-29 - -17))?
40
17 + -20 - (-1 + 4 + -5 - 0) - 41
-42
What is -161 - -195 - (-16 - -147)?
-97
-1 + 151 - (1741 + -1671)
80
What is the value of 40 + -50 + 94 - (6 + (3 - -4))?
71
Evaluate 12 + 94 + -87 + (-1 - 15).
3
What is -8 + -1 - (-1566 - -1566)?
-9
Calculate 8 + (-29 - -8 - -10) + 0 - 32.
-35
Evaluate 28 - (-2 + 36 + -22).
16
Evaluate -28 + -38 + 95 + -17.
12
What is -1 + 9 + 3073 + -3077?
4
What is the value of 21 - (-20 + (14 - 3 - (14 - (11 + 2))))?
31
Evaluate (2468 - 2379) + 20 + -2.
107
Evaluate -50 + 76 + -26 + 11.
11
Evaluate -39 - (16 - 48) - (10 + -8 - (4 - 73)).
-78
-113 - (21 + (11 - 43) + 37)
-139
40 - (-142 + -20 - -27) - 42
133
Calculate (7 -